f a?
23
Let a(m) = m + 5. Let d(i) = i**2 - i + 1. Let c(q) = -a(q) + d(q). Let w be c(4). Suppose 4*l - 8 - w = 0. List the prime factors of l.
3
List the prime factors of 83 + (1/(-1) - 0).
2, 41
Let o(p) = -p**3 - 2*p**2 - p + 1. Let n(d) = -d. Let w be n(2). List the prime factors of o(w).
3
Suppose 5*x = -4*z + 3*x - 16, -5*z + 5*x - 50 = 0. Let t = z - -5. Let w(v) = -3*v - 1. What are the prime factors of w(t)?
2
Let o = 3 - 0. Suppose -7*d = -o*d - 32. List the prime factors of d*(-2*1 + 3).
2
Let j be ((-3)/(-2))/(6/8). Let g(m) = -m**2 - 7*m. Let y be g(-6). Suppose -16 = -j*a + y. What are the prime factors of a?
11
Suppose -2*h + 5*c + 2 = -2, 2 = -2*h + 2*c. What are the prime factors of 52/4 - 6/h?
3, 5
Let o(g) = g - 1. Let n(l) = l**2 - 11*l + 1. Let v(t) = n(t) + 5*o(t). Let b = 3 + 5. List the prime factors of v(b).
2, 3
Let r be 1/4 + (-370)/40. Suppose 12 = -3*c - 3. Let m = c - r. What are the prime factors of m?
2
Let q(n) = 136*n**2 - 2*n + 1. What are the prime factors of q(1)?
3, 5
Suppose -12 = r + 2*r. Let f = 24 + r. Let y = f + -5. List the prime factors of y.
3, 5
Let q = 9 - 4. Let g = -7 + q. What are the prime factors of 3 + (g/2)/(-1)?
2
Let d = 370 - 199. List the prime factors of d.
3, 19
Let j(b) = 2*b + 4. Let a be j(-3). What are the prime factors of -50*((-1)/a - 1)?
5
Let c(v) = -2*v**3 - 2. Suppose -4*s = 5*f - f + 28, -4*s + 5*f = -17. Let u be c(s). Let t = u - 7. What are the prime factors of t?
7
Suppose 0 = -3*a - 2 - 7. Let z be a + 2 + 6/2. Suppose z*q - 24 = w, 2*w + 46 = 4*q + w. List the prime factors of q.
11
Suppose 8*g - 3*g = 25. Suppose -g*u - 14 = -3*p - 117, 36 = 2*u + 4*p. List the prime factors of u.
2, 5
Suppose 4 = -3*o - 5*c + 3, 5*o = -5*c + 15. What are the prime factors of o?
2
Let c(d) = 7*d - 22. List the prime factors of c(11).
5, 11
Suppose -2*q + 3*q = 4*u - 7, -2*q = 5*u + 27. Let w = 47 + q. What are the prime factors of w?
2, 3
Suppose 14 = -3*b + 38. Suppose -2*u = -b + 4. What are the prime factors of u?
2
Suppose 30 = 2*h - 2. Let y be (h/(-6))/(2/(-6)). Suppose -3*j + 2*p = y - 50, 4*j = -p + 45. List the prime factors of j.
2, 3
Let d(k) = -k**3 - 8*k**2 - k + 12. What are the prime factors of d(-8)?
2, 5
Let i(j) = 0*j + 4 - j**2 - 5*j - 3*j - 2*j. Let p = 9 + -19. List the prime factors of i(p).
2
Let b be 234/(-24) - 2/8. Let g(u) = u**2 + 9*u - 4. What are the prime factors of g(b)?
2, 3
Let c(h) = -5*h - 1. Suppose -6 = -4*i + i. Suppose -2*g + i = 4. What are the prime factors of c(g)?
2
Let s be (13/2)/((-7)/(-14)). What are the prime factors of s + (-1)/1 + 2?
2, 7
Let f(z) = 3*z - 3*z + 23 + z - 5. What are the prime factors of f(-10)?
2
Suppose 0 = -6*j - 56 + 668. List the prime factors of j.
2, 3, 17
Let m = -231 - -323. What are the prime factors of m?
2, 23
Let u be (1*8)/((-12)/18). What are the prime factors of (4/(u/33))/(-1)?
11
Let c(w) = w**3 + w**2 + 9. Suppose -2*q + 6 = -2. Suppose -q*p = p. List the prime factors of c(p).
3
Let r(v) = 9*v**2 + v**3 - 1 - 2*v + 6 - 3*v**2. What are the prime factors of r(-6)?
17
List the prime factors of 79/8*2*(7 - 3).
79
Let o = 207 - -9. Suppose 5*p - p - o = 0. List the prime factors of p.
2, 3
Let z(n) = n + 1. Let s be z(-1). Suppose s*h - 3*d = -2*h + 34, -2*d - 4 = 0. Suppose -2*b + 10 + h = 0. List the prime factors of b.
2, 3
Suppose 7*n - 311 - 102 = 0. What are the prime factors of n?
59
Suppose 2*x - 112 = -4*q - 2*x, 4*x = -3*q + 81. List the prime factors of q.
31
Let o = 21 + -37. Let n = -23 - -47. Let h = o + n. List the prime factors of h.
2
Suppose 5*i - 84 = -2*b, 3*i = -0*i. Let v = -8 + b. What are the prime factors of v?
2, 17
Suppose v + 0 = 3, 0 = f + 5*v - 31. What are the prime factors of f?
2
Let v(g) = 9*g - 11. Let s be v(5). Let u = s + -16. List the prime factors of u.
2, 3
Suppose 5*v - 5*k = 95, -2*k - 6 - 4 = 0. What are the prime factors of v?
2, 7
Suppose -51 = -2*p + 15. List the prime factors of p.
3, 11
Let n(f) = f**2 - 14*f - 6. Let y be n(15). Suppose -2*k = 2*k - 20. Let l = y - k. List the prime factors of l.
2
Let u(h) be the first derivative of -12*h + 4 - 3*h**3 - 6*h**2 - 1/4*h**4. List the prime factors of u(-8).
2, 5
Suppose -3*u = -4*u - 2*y + 48, -3*y = -15. What are the prime factors of u?
2, 19
Suppose 243 = -k + 2*k + 4*w, 3*k - 2*w - 687 = 0. List the prime factors of k.
3, 7, 11
Let i = 47 + 253. List the prime factors of i.
2, 3, 5
Suppose -2*k - 24 = -6*k. Let a = -6 + k. Let g(t) = -t + 3. List the prime factors of g(a).
3
Let l(c) = 31*c - 13. List the prime factors of l(7).
2, 3, 17
Let t(h) = 6*h**2 + 9*h + 39. List the prime factors of t(-6).
3, 67
List the prime factors of (-2)/(2/5)*-1.
5
Let s(z) = -z**3 + 9*z**2 + 4*z - 13. Let f be s(9). Suppose -f + 191 = 4*m. What are the prime factors of m?
2, 3, 7
Suppose 7*c - 2*c = -4*m + 124, -c + 36 = -2*m. List the prime factors of c.
2, 7
Let u = 43 + -7. Suppose 176 = 5*k + u. What are the prime factors of k?
2, 7
Let n(w) = -w**2 - 10*w - 1. What are the prime factors of n(-5)?
2, 3
Let z = 8 - 6. Suppose 5*y = z*p - 1 + 30, -4*y = 2*p - 34. What are the prime factors of y?
7
Let p be -3*4*(0 + -1). Let i be ((-9)/4)/(3/p). What are the prime factors of (-138)/i - 1/3?
3, 5
Let u = 110 - 13. List the prime factors of u.
97
Let b = 32 + 4. List the prime factors of b.
2, 3
Suppose 2*i + 2 = -4. Let a(n) = n**3 + 5*n**2 + 2*n - 1. What are the prime factors of a(i)?
11
Suppose 8*d - 8 = 6*d. What are the prime factors of d?
2
Let q = 67 + -12. What are the prime factors of q?
5, 11
Suppose -3*p - 1 = -70. What are the prime factors of p?
23
Suppose 0 = 2*i + 2*r - 110, -4*i + 210 = 2*r - 0*r. List the prime factors of i.
2, 5
Let v(t) = 2*t - 3. Let j be v(2). Suppose p + j = -0. List the prime factors of (1 - p)*(-14)/(-4).
7
Let m(g) = -10*g - 1. Suppose -3*y - 5 = -2*d, 2*y = -4*d + 2 - 16. Let s be -3*y/(-18)*2. What are the prime factors of m(s)?
3
Let d = 40 + -14. Let t = -10 + d. List the prime factors of t.
2
Let a(v) = -8*v + 0*v - 5 + v**2 + 17*v. Let j be a(-8). Let d = 21 + j. What are the prime factors of d?
2
List the prime factors of 122/10 + (-5)/25.
2, 3
Let j = -9 - -9. Let p(g) = j*g - 2*g + 2 + 0 - 2*g. List the prime factors of p(-3).
2, 7
Let g = 6 + -1. Suppose 6 = g*k - 9. List the prime factors of ((-6)/10)/(k/(-45)).
3
Let o(j) = -36*j**3 - 14. Let k(a) = 12*a**3 + 5. Let p(z) = 17*k(z) + 6*o(z). Let g be p(-1). Suppose -t + g = -1. List the prime factors of t.
2, 7
Suppose 0*t - 2*i - 15 = t, -4*t = -5*i + 60. Let f = t - -27. List the prime factors of f.
2, 3
Let o(w) = 9*w + 2. Let c = -13 + 15. List the prime factors of o(c).
2, 5
Let a(i) be the first derivative of -i**2 + 3*i + 1. Suppose -o - 20 = 3*o. What are the prime factors of a(o)?
13
Suppose 8*g - 792 - 840 = 0. List the prime factors of g.
2, 3, 17
Suppose 0*n + 5*n - 26 = 4*x, -4*x - 20 = -2*n. Let b be 14*n*3/6. Let q = b - 8. List the prime factors of q.
2, 3
Suppose -367 - 788 = -7*o. List the prime factors of o.
3, 5, 11
Let c = -2 + 3. Let w be (-4)/c*(-2)/4. Suppose 4*x + 17 = 3*f, 5*f - w*x = x + 21. What are the prime factors of f?
3
Let x = -350 + 529. Suppose x + 16 = 5*s. List the prime factors of s.
3, 13
Let i = 46 - -74. List the prime factors of i.
2, 3, 5
Let o(h) = -h**3 - 4*h**2 + 3*h + 2. Let d be o(-7). Suppose 0*l + d = 3*l - 4*q, l - 43 = q. List the prime factors of l.
2, 11
Let s(l) = -l**2 - 5*l - 2. List the prime factors of s(-2).
2
Suppose 5*l + 4*k + 4 = 6*k, -2*l - 4*k + 8 = 0. Suppose -2*t - t + 6 = l. Suppose 2*q = -t*q + 64. What are the prime factors of q?
2
Suppose -n - 2*r = 4*n - 194, 0 = -3*r + 6. Let u = n + -19. List the prime factors of u.
19
What are the prime factors of ((-70)/6)/(3/(-9))?
5, 7
Let l(r) = 14*r - 1. Let n be l(-1). Let s = n + 26. List the prime factors of s.
11
Let a(d) = 6*d**2 - 6*d - 22. What are the prime factors of a(-4)?
2, 7
Let g(z) = -z - 2. Let r be g(4). Let p be 5*(r/(-10) - 1). Let i(n) = -n**3 + n + 1. List the prime factors of i(p).
7
Suppose -4*k + 5*m = -60, 3*m + 7 = 19. Let i = 42 - k. List the prime factors of i.
2, 11
Suppose -m + 2*f = 8, 0 = 5*m + 7*f - 2*f - 35. Suppose 0 = b + m*b - 102. List the prime factors of b.